CRAN Package Check Results for Package ahnr

Last updated on 2022-08-17 15:49:46 CEST.

Flavor Version Tinstall Tcheck Ttotal Status Flags
r-devel-linux-x86_64-debian-clang 0.3.1 5.59 156.42 162.01 NOTE
r-devel-linux-x86_64-debian-gcc 0.3.1 NOTE
r-devel-linux-x86_64-fedora-clang 0.3.1 202.64 NOTE
r-devel-linux-x86_64-fedora-gcc 0.3.1 187.28 NOTE
r-devel-windows-x86_64 0.3.1 11.00 161.00 172.00 NOTE
r-patched-linux-x86_64 0.3.1 5.64 143.50 149.14 NOTE
r-release-linux-x86_64 0.3.1 4.82 144.34 149.16 NOTE
r-release-macos-arm64 0.3.1 47.00 NOTE
r-release-macos-x86_64 0.3.1 64.00 NOTE
r-release-windows-x86_64 0.3.1 10.00 167.00 177.00 NOTE
r-oldrel-macos-arm64 0.3.1 86.00 NOTE
r-oldrel-macos-x86_64 0.3.1 71.00 NOTE
r-oldrel-windows-ix86+x86_64 0.3.1 16.00 182.00 198.00 NOTE

Check Details

Version: 0.3.1
Check: LazyData
Result: NOTE
     'LazyData' is specified without a 'data' directory
Flavors: r-devel-linux-x86_64-debian-clang, r-devel-linux-x86_64-debian-gcc, r-devel-linux-x86_64-fedora-clang, r-devel-linux-x86_64-fedora-gcc, r-devel-windows-x86_64, r-patched-linux-x86_64, r-release-linux-x86_64, r-release-macos-arm64, r-release-macos-x86_64, r-release-windows-x86_64, r-oldrel-macos-arm64, r-oldrel-macos-x86_64, r-oldrel-windows-ix86+x86_64