CRAN Package Check Results for Package agroclim

Last updated on 2020-10-26 03:48:17 CET.

Flavor Version Tinstall Tcheck Ttotal Status Flags
r-devel-linux-x86_64-debian-clang 0.1.0 15.34 126.33 141.67 OK
r-devel-linux-x86_64-debian-gcc 0.1.0 11.40 93.21 104.61 OK
r-devel-linux-x86_64-fedora-clang 0.1.0 174.51 NOTE
r-devel-linux-x86_64-fedora-gcc 0.1.0 164.29 NOTE
r-devel-windows-ix86+x86_64 0.1.0 31.00 173.00 204.00 OK
r-patched-linux-x86_64 0.1.0 14.68 115.53 130.21 OK
r-patched-solaris-x86 0.1.0 227.90 NOTE
r-release-linux-x86_64 0.1.0 13.08 113.88 126.96 OK
r-release-macos-x86_64 0.1.0 NOTE
r-release-windows-ix86+x86_64 0.1.0 25.00 123.00 148.00 OK
r-oldrel-macos-x86_64 0.1.0 NOTE
r-oldrel-windows-ix86+x86_64 0.1.0 27.00 162.00 189.00 OK

Check Details

Version: 0.1.0
Check: dependencies in R code
Result: NOTE
    Namespace in Imports field not imported from: ‘plyr’
     All declared Imports should be used.
Flavors: r-devel-linux-x86_64-fedora-clang, r-devel-linux-x86_64-fedora-gcc, r-patched-solaris-x86, r-release-macos-x86_64, r-oldrel-macos-x86_64