Last updated on 2023-01-29 03:55:07 CET.
Flavor | Version | Tinstall | Tcheck | Ttotal | Status | Flags |
---|---|---|---|---|---|---|
r-devel-linux-x86_64-debian-clang | 1.0.1 | 31.66 | 288.63 | 320.29 | NOTE | |
r-devel-linux-x86_64-debian-gcc | 1.0.1 | 27.06 | 210.68 | 237.74 | NOTE | |
r-devel-linux-x86_64-fedora-clang | 1.0.1 | 432.42 | NOTE | |||
r-devel-linux-x86_64-fedora-gcc | 1.0.1 | 408.35 | NOTE | |||
r-devel-windows-x86_64 | 1.0.1 | 53.00 | 289.00 | 342.00 | NOTE | |
r-patched-linux-x86_64 | 1.0.1 | 35.92 | 273.73 | 309.65 | NOTE | |
r-release-linux-x86_64 | 1.0.1 | 37.70 | 281.49 | 319.19 | NOTE | |
r-release-macos-arm64 | 1.0.1 | 75.00 | NOTE | |||
r-release-macos-x86_64 | 1.0.1 | 112.00 | NOTE | |||
r-release-windows-x86_64 | 1.0.1 | 41.00 | 275.00 | 316.00 | NOTE | |
r-oldrel-macos-arm64 | 1.0.1 | 49.00 | NOTE | |||
r-oldrel-macos-x86_64 | 1.0.1 | 84.00 | NOTE | |||
r-oldrel-windows-ix86+x86_64 | 1.0.1 | 76.00 | 274.00 | 350.00 | NOTE |
Version: 1.0.1
Check: LazyData
Result: NOTE
'LazyData' is specified without a 'data' directory
Flavors: r-devel-linux-x86_64-debian-clang, r-devel-linux-x86_64-debian-gcc, r-devel-linux-x86_64-fedora-clang, r-devel-linux-x86_64-fedora-gcc, r-devel-windows-x86_64, r-patched-linux-x86_64, r-release-linux-x86_64, r-release-macos-arm64, r-release-macos-x86_64, r-release-windows-x86_64, r-oldrel-macos-arm64, r-oldrel-macos-x86_64, r-oldrel-windows-ix86+x86_64