CRAN Package Check Results for Package agRee

Last updated on 2020-09-23 16:38:34 CEST.

Flavor Version Tinstall Tcheck Ttotal Status Flags
r-devel-linux-x86_64-debian-clang 0.5-3 10.10 85.62 95.72 OK
r-devel-linux-x86_64-debian-gcc 0.5-3 9.33 66.85 76.18 OK
r-devel-linux-x86_64-fedora-clang 0.5-3 123.08 NOTE
r-devel-linux-x86_64-fedora-gcc 0.5-3 115.51 OK
r-devel-windows-ix86+x86_64 0.5-3 25.00 109.00 134.00 OK
r-patched-linux-x86_64 0.5-3 10.71 80.88 91.59 OK
r-patched-solaris-x86 0.5-3 175.30 OK
r-release-linux-x86_64 0.5-3 10.16 81.06 91.22 OK
r-release-macos-x86_64 0.5-3 OK
r-release-windows-ix86+x86_64 0.5-3 32.00 107.00 139.00 OK
r-oldrel-macos-x86_64 0.5-3 OK
r-oldrel-windows-ix86+x86_64 0.5-3 16.00 101.00 117.00 OK

Check Details

Version: 0.5-3
Check: Rd cross-references
Result: NOTE
    Undeclared packages ‘epiR’, ‘cccrm’ in Rd xrefs
Flavor: r-devel-linux-x86_64-fedora-clang