CRAN Package Check Results for Package afmToolkit

Last updated on 2020-09-23 16:38:34 CEST.

Flavor Version Tinstall Tcheck Ttotal Status Flags
r-devel-linux-x86_64-debian-clang 0.0.1 7.63 60.62 68.25 OK
r-devel-linux-x86_64-debian-gcc 0.0.1 5.63 50.52 56.15 OK
r-devel-linux-x86_64-fedora-clang 0.0.1 95.17 NOTE
r-devel-linux-x86_64-fedora-gcc 0.0.1 83.76 NOTE
r-devel-windows-ix86+x86_64 0.0.1 14.00 82.00 96.00 OK
r-patched-linux-x86_64 0.0.1 7.41 62.00 69.41 OK
r-patched-solaris-x86 0.0.1 117.30 NOTE
r-release-linux-x86_64 0.0.1 7.19 61.17 68.36 OK
r-release-macos-x86_64 0.0.1 NOTE
r-release-windows-ix86+x86_64 0.0.1 29.00 88.00 117.00 OK
r-oldrel-macos-x86_64 0.0.1 NOTE
r-oldrel-windows-ix86+x86_64 0.0.1 8.00 73.00 81.00 OK

Check Details

Version: 0.0.1
Check: dependencies in R code
Result: NOTE
    Namespaces in Imports field not imported from:
     ‘DBI’ ‘assertthat’ ‘tibble’
     All declared Imports should be used.
Flavors: r-devel-linux-x86_64-fedora-clang, r-devel-linux-x86_64-fedora-gcc, r-patched-solaris-x86, r-release-macos-x86_64, r-oldrel-macos-x86_64