CRAN Package Check Results for Package afex

Last updated on 2020-09-22 16:02:22 CEST.

Flavor Version Tinstall Tcheck Ttotal Status Flags
r-devel-linux-x86_64-debian-clang 0.27-2 15.35 403.65 419.00 OK
r-devel-linux-x86_64-debian-gcc 0.28-0 15.20 272.54 287.74 OK
r-devel-linux-x86_64-fedora-clang 0.28-0 487.81 NOTE
r-devel-linux-x86_64-fedora-gcc 0.28-0 495.25 OK
r-devel-windows-ix86+x86_64 0.27-2 37.00 461.00 498.00 OK
r-patched-linux-x86_64 0.28-0 17.07 347.54 364.61 NOTE
r-patched-solaris-x86 0.28-0 630.50 OK
r-release-linux-x86_64 0.28-0 15.59 350.17 365.76 OK
r-release-macos-x86_64 0.28-0 OK
r-release-windows-ix86+x86_64 0.27-2 35.00 543.00 578.00 OK
r-oldrel-macos-x86_64 0.28-0 OK
r-oldrel-windows-ix86+x86_64 0.27-2 21.00 490.00 511.00 OK

Check Details

Version: 0.28-0
Check: Rd cross-references
Result: NOTE
    Undeclared package ‘ez’ in Rd xrefs
Flavor: r-devel-linux-x86_64-fedora-clang

Version: 0.28-0
Check: package dependencies
Result: NOTE
    Package suggested but not available for checking: ‘rstanarm’
Flavor: r-patched-linux-x86_64