CRAN Package Check Results for Package afdx

Last updated on 2022-07-03 15:52:26 CEST.

Flavor Version Tinstall Tcheck Ttotal Status Flags
r-devel-linux-x86_64-debian-clang 1.1.1 6.50 86.79 93.29 OK
r-devel-linux-x86_64-debian-gcc 1.1.1 4.82 64.00 68.82 OK
r-devel-linux-x86_64-fedora-clang 1.1.1 123.60 OK
r-devel-linux-x86_64-fedora-gcc 1.1.1 118.19 OK
r-devel-windows-x86_64 1.1.1 18.00 128.00 146.00 OK
r-patched-linux-x86_64 1.1.1 4.31 80.61 84.92 OK
r-release-linux-x86_64 1.1.1 5.52 81.07 86.59 OK
r-release-macos-arm64 1.1.1 34.00 OK
r-release-macos-x86_64 1.1.1 66.00 NOTE
r-release-windows-x86_64 1.1.1 19.00 123.00 142.00 OK
r-oldrel-macos-arm64 1.1.1 47.00 NOTE
r-oldrel-macos-x86_64 1.1.1 56.00 OK
r-oldrel-windows-ix86+x86_64 1.1.1 16.00 115.00 131.00 OK

Check Details

Version: 1.1.1
Check: package dependencies
Result: NOTE
    Package suggested but not available for checking: ‘rjags’
Flavors: r-release-macos-x86_64, r-oldrel-macos-arm64