CRAN Package Check Results for Package afCEC

Last updated on 2020-09-24 15:48:22 CEST.

Flavor Version Tinstall Tcheck Ttotal Status Flags
r-devel-linux-x86_64-debian-clang 1.0.2 52.33 42.75 95.08 OK
r-devel-linux-x86_64-debian-gcc 1.0.2 43.13 34.15 77.28 OK
r-devel-linux-x86_64-fedora-clang 1.0.2 137.73 NOTE
r-devel-linux-x86_64-fedora-gcc 1.0.2 125.98 OK
r-devel-windows-ix86+x86_64 1.0.2 115.00 76.00 191.00 OK
r-patched-linux-x86_64 1.0.2 44.79 41.08 85.87 OK
r-patched-solaris-x86 1.0.2 128.60 OK
r-release-linux-x86_64 1.0.2 43.96 41.60 85.56 OK
r-release-macos-x86_64 1.0.2 OK
r-release-windows-ix86+x86_64 1.0.2 118.00 104.00 222.00 OK
r-oldrel-macos-x86_64 1.0.2 WARN
r-oldrel-windows-ix86+x86_64 1.0.2 78.00 84.00 162.00 OK

Check Details

Version: 1.0.2
Check: installed package size
Result: NOTE
     installed size is 5.1Mb
     sub-directories of 1Mb or more:
     libs 4.3Mb
Flavor: r-devel-linux-x86_64-fedora-clang

Version: 1.0.2
Check: whether package can be installed
Result: WARN
    Found the following significant warnings:
     Warning: 'rgl_init' failed, running with rgl.useNULL = TRUE
Flavor: r-oldrel-macos-x86_64