CRAN Package Check Results for Package adventr

Last updated on 2020-09-24 15:48:22 CEST.

Flavor Version Tinstall Tcheck Ttotal Status Flags
r-devel-linux-x86_64-debian-clang 0.1.8 4.96 34.81 39.77 OK
r-devel-linux-x86_64-debian-gcc 0.1.8 4.08 28.01 32.09 OK
r-devel-linux-x86_64-fedora-clang 0.1.8 59.97 NOTE
r-devel-linux-x86_64-fedora-gcc 0.1.8 49.68 NOTE
r-devel-windows-ix86+x86_64 0.1.8 14.00 63.00 77.00 NOTE
r-patched-linux-x86_64 0.1.8 4.27 34.31 38.58 OK
r-patched-solaris-x86 0.1.8 72.70 NOTE
r-release-linux-x86_64 0.1.8 4.85 34.10 38.95 OK
r-release-macos-x86_64 0.1.8 NOTE
r-release-windows-ix86+x86_64 0.1.8 17.00 64.00 81.00 NOTE
r-oldrel-macos-x86_64 0.1.8 NOTE
r-oldrel-windows-ix86+x86_64 0.1.8 7.00 52.00 59.00 NOTE

Check Details

Version: 0.1.8
Check: installed package size
Result: NOTE
     installed size is 5.8Mb
     sub-directories of 1Mb or more:
     tutorials 5.6Mb
Flavors: r-devel-linux-x86_64-fedora-clang, r-devel-windows-ix86+x86_64, r-patched-solaris-x86, r-release-macos-x86_64, r-release-windows-ix86+x86_64, r-oldrel-macos-x86_64, r-oldrel-windows-ix86+x86_64

Version: 0.1.8
Check: dependencies in R code
Result: NOTE
    Namespaces in Imports field not imported from:
     ‘BayesFactor’ ‘GGally’ ‘Hmisc’ ‘WRS2’ ‘boot’ ‘car’ ‘dplyr’ ‘effects’
     ‘effsize’ ‘forcats’ ‘ggplot2’ ‘lm.beta’ ‘nlme’ ‘readr’ ‘robust’
     ‘sandwich’ ‘sjstats’ ‘tidyr’
     All declared Imports should be used.
Flavors: r-devel-linux-x86_64-fedora-clang, r-devel-linux-x86_64-fedora-gcc, r-patched-solaris-x86, r-release-macos-x86_64, r-oldrel-macos-x86_64