CRAN Package Check Results for Package adpss

Last updated on 2020-09-22 16:02:22 CEST.

Flavor Version Tinstall Tcheck Ttotal Status Flags
r-devel-linux-x86_64-debian-clang 0.1.1 29.85 38.80 68.65 OK
r-devel-linux-x86_64-debian-gcc 0.1.1 23.84 30.05 53.89 OK
r-devel-linux-x86_64-fedora-clang 0.1.1 99.68 OK
r-devel-linux-x86_64-fedora-gcc 0.1.1 92.69 OK
r-devel-windows-ix86+x86_64 0.1.1 65.00 95.00 160.00 OK
r-patched-linux-x86_64 0.1.1 30.13 39.16 69.29 OK
r-patched-solaris-x86 0.1.1 120.30 OK
r-release-linux-x86_64 0.1.1 29.87 39.33 69.20 OK
r-release-macos-x86_64 0.1.1 OK
r-release-windows-ix86+x86_64 0.1.1 68.00 107.00 175.00 OK
r-oldrel-macos-x86_64 0.1.1 WARN
r-oldrel-windows-ix86+x86_64 0.1.1 50.00 100.00 150.00 OK

Check Details

Version: 0.1.1
Check: re-building of vignette outputs
Result: WARN
    Error(s) in re-building vignettes:
     ...
    --- re-building ‘adpss_ex.Rmd’ using rmarkdown
    Warning in engine$weave(file, quiet = quiet, encoding = enc) :
     Pandoc (>= 1.12.3) and/or pandoc-citeproc not available. Falling back to R Markdown v1.
    Error: processing vignette 'adpss_ex.Rmd' failed with diagnostics:
    there is no package called 'stringi'
    --- failed re-building ‘adpss_ex.Rmd’
    
    SUMMARY: processing the following file failed:
     ‘adpss_ex.Rmd’
    
    Error: Vignette re-building failed.
    Execution halted
Flavor: r-oldrel-macos-x86_64