CRAN Package Check Results for Package admmDensestSubmatrix

Last updated on 2020-09-22 16:02:22 CEST.

Flavor Version Tinstall Tcheck Ttotal Status Flags
r-devel-linux-x86_64-debian-clang 0.1.0 2.35 21.83 24.18 OK
r-devel-linux-x86_64-debian-gcc 0.1.0 1.63 17.71 19.34 OK
r-devel-linux-x86_64-fedora-clang 0.1.0 40.50 WARN
r-devel-linux-x86_64-fedora-gcc 0.1.0 29.37 NOTE
r-devel-windows-ix86+x86_64 0.1.0 5.00 32.00 37.00 OK
r-patched-linux-x86_64 0.1.0 2.25 21.77 24.02 OK
r-patched-solaris-x86 0.1.0 45.50 NOTE
r-release-linux-x86_64 0.1.0 2.33 21.82 24.15 OK
r-release-macos-x86_64 0.1.0 NOTE
r-release-windows-ix86+x86_64 0.1.0 5.00 42.00 47.00 OK
r-oldrel-macos-x86_64 0.1.0 NOTE
r-oldrel-windows-ix86+x86_64 0.1.0 3.00 41.00 44.00 OK

Check Details

Version: 0.1.0
Check: package dependencies
Result: WARN
    Requires (indirectly) orphaned package: ‘bibtex’
Flavor: r-devel-linux-x86_64-fedora-clang

Version: 0.1.0
Check: dependencies in R code
Result: NOTE
    Namespace in Imports field not imported from: ‘Rdpack’
     All declared Imports should be used.
Flavors: r-devel-linux-x86_64-fedora-clang, r-devel-linux-x86_64-fedora-gcc, r-patched-solaris-x86, r-release-macos-x86_64, r-oldrel-macos-x86_64