Last updated on 2023-11-30 15:48:08 CET.
Flavor | Version | Tinstall | Tcheck | Ttotal | Status | Flags |
---|---|---|---|---|---|---|
r-devel-linux-x86_64-debian-clang | 0.5.0 | 9.47 | 87.80 | 97.27 | NOTE | |
r-devel-linux-x86_64-debian-gcc | 0.5.0 | 7.08 | 65.72 | 72.80 | NOTE | |
r-devel-linux-x86_64-fedora-clang | 0.5.0 | 119.77 | OK | |||
r-devel-linux-x86_64-fedora-gcc | 0.5.0 | 123.71 | OK | |||
r-devel-windows-x86_64 | 0.5.0 | 9.00 | 98.00 | 107.00 | OK | |
r-patched-linux-x86_64 | 0.5.0 | 14.91 | 81.52 | 96.43 | OK | |
r-release-linux-x86_64 | 0.5.0 | 9.53 | 81.83 | 91.36 | OK | |
r-release-macos-arm64 | 0.5.0 | 59.00 | OK | |||
r-release-macos-x86_64 | 0.5.0 | 102.00 | OK | |||
r-release-windows-x86_64 | 0.5.0 | 11.00 | 112.00 | 123.00 | OK | |
r-oldrel-macos-arm64 | 0.5.0 | 51.00 | OK | |||
r-oldrel-macos-x86_64 | 0.5.0 | 64.00 | OK | |||
r-oldrel-windows-x86_64 | 0.5.0 | 12.00 | 104.00 | 116.00 | OK |
Version: 0.5.0
Check: Rd files
Result: NOTE
checkRd: (-1) joins.Rd:32: Lost braces; missing escapes or markup?
32 | The \verb{*_join()} functions from {dplyr} without a warning on different attributes
| ^
Flavors: r-devel-linux-x86_64-debian-clang, r-devel-linux-x86_64-debian-gcc