CRAN Package Check Results for Package adept

Last updated on 2024-06-21 15:52:46 CEST.

Flavor Version Tinstall Tcheck Ttotal Status Flags
r-devel-linux-x86_64-debian-clang 1.2 11.61 357.05 368.66 NOTE
r-devel-linux-x86_64-debian-gcc 1.2 10.01 263.69 273.70 NOTE
r-devel-linux-x86_64-fedora-clang 1.2 454.39 NOTE
r-devel-linux-x86_64-fedora-gcc 1.2 465.30 NOTE
r-devel-windows-x86_64 1.2 13.00 127.00 140.00 NOTE --no-vignettes
r-patched-linux-x86_64 1.2 10.13 349.38 359.51 NOTE
r-release-linux-x86_64 1.2 9.87 349.41 359.28 NOTE
r-release-macos-arm64 1.2 163.00 NOTE
r-release-macos-x86_64 1.2 252.00 NOTE
r-release-windows-x86_64 1.2 13.00 140.00 153.00 NOTE --no-vignettes
r-oldrel-macos-arm64 1.2 179.00 NOTE
r-oldrel-macos-x86_64 1.2 288.00 NOTE
r-oldrel-windows-x86_64 1.2 17.00 142.00 159.00 NOTE --no-vignettes

Check Details

Version: 1.2
Check: LazyData
Result: NOTE 'LazyData' is specified without a 'data' directory Flavors: r-devel-linux-x86_64-debian-clang, r-devel-linux-x86_64-debian-gcc, r-devel-linux-x86_64-fedora-clang, r-devel-linux-x86_64-fedora-gcc, r-patched-linux-x86_64, r-release-linux-x86_64, r-release-macos-arm64, r-release-macos-x86_64, r-oldrel-macos-arm64, r-oldrel-macos-x86_64

Version: 1.2
Check: installed package size
Result: NOTE installed size is 5.1Mb sub-directories of 1Mb or more: doc 4.7Mb Flavors: r-devel-linux-x86_64-fedora-clang, r-release-macos-arm64, r-release-macos-x86_64, r-oldrel-macos-arm64, r-oldrel-macos-x86_64

Version: 1.2
Flags: --no-vignettes
Check: installed package size
Result: NOTE installed size is 5.1Mb sub-directories of 1Mb or more: doc 4.7Mb Flavors: r-devel-windows-x86_64, r-release-windows-x86_64, r-oldrel-windows-x86_64

Version: 1.2
Flags: --no-vignettes
Check: LazyData
Result: NOTE 'LazyData' is specified without a 'data' directory Flavors: r-devel-windows-x86_64, r-release-windows-x86_64, r-oldrel-windows-x86_64