CRAN Package Check Results for Package adepro

Last updated on 2022-08-07 15:52:54 CEST.

Flavor Version Tinstall Tcheck Ttotal Status Flags
r-devel-linux-x86_64-debian-clang 3.2.0 10.33 104.78 115.11 OK
r-devel-linux-x86_64-debian-gcc 3.2.0 8.72 76.10 84.82 OK
r-devel-linux-x86_64-fedora-clang 3.2.0 144.94 NOTE
r-devel-linux-x86_64-fedora-gcc 3.2.0 139.46 NOTE
r-devel-windows-x86_64 3.2.0 22.00 124.00 146.00 OK
r-patched-linux-x86_64 3.2.0 11.10 95.79 106.89 OK
r-release-linux-x86_64 3.2.0 6.70 97.98 104.68 OK
r-release-macos-arm64 3.2.0 38.00 NOTE
r-release-macos-x86_64 3.2.0 74.00 NOTE
r-release-windows-x86_64 3.2.0 21.00 139.00 160.00 OK
r-oldrel-macos-arm64 3.2.0 47.00 NOTE
r-oldrel-macos-x86_64 3.2.0 49.00 NOTE
r-oldrel-windows-ix86+x86_64 3.2.0 29.00 136.00 165.00 OK

Check Details

Version: 3.2.0
Check: dependencies in R code
Result: NOTE
    Namespace in Imports field not imported from: ‘jsonlite’
     All declared Imports should be used.
Flavors: r-devel-linux-x86_64-fedora-clang, r-devel-linux-x86_64-fedora-gcc, r-release-macos-arm64, r-release-macos-x86_64, r-oldrel-macos-arm64, r-oldrel-macos-x86_64