Last updated on 2022-08-13 04:57:41 CEST.
Flavor | Version | Tinstall | Tcheck | Ttotal | Status | Flags |
---|---|---|---|---|---|---|
r-devel-linux-x86_64-debian-clang | 1.1-11 | 24.51 | 189.26 | 213.77 | NOTE | |
r-devel-linux-x86_64-debian-gcc | 1.1-11 | 19.37 | 141.48 | 160.85 | NOTE | |
r-devel-linux-x86_64-fedora-clang | 1.1-11 | 264.10 | NOTE | |||
r-devel-linux-x86_64-fedora-gcc | 1.1-11 | 252.14 | NOTE | |||
r-devel-windows-x86_64 | 1.1-11 | 43.00 | 238.00 | 281.00 | NOTE | |
r-patched-linux-x86_64 | 1.1-11 | 22.05 | 178.57 | 200.62 | OK | |
r-release-linux-x86_64 | 1.1-11 | 14.97 | 180.63 | 195.60 | OK | |
r-release-macos-arm64 | 1.1-11 | 72.00 | OK | |||
r-release-macos-x86_64 | 1.1-11 | 132.00 | OK | |||
r-release-windows-x86_64 | 1.1-11 | 40.00 | 223.00 | 263.00 | OK | |
r-oldrel-macos-arm64 | 1.1-11 | 105.00 | OK | |||
r-oldrel-macos-x86_64 | 1.1-11 | 187.00 | OK | |||
r-oldrel-windows-ix86+x86_64 | 1.1-11 | 54.00 | 277.00 | 331.00 | OK |
Version: 1.1-11
Check: Rd files
Result: NOTE
checkRd: (-1) orthobasis.Rd:106: Escaped LaTeX specials: \&
checkRd: (-1) orthobasis.Rd:110: Escaped LaTeX specials: \&
checkRd: (-1) treePart.Rd:33: Escaped LaTeX specials: \$
Flavors: r-devel-linux-x86_64-debian-clang, r-devel-linux-x86_64-debian-gcc, r-devel-linux-x86_64-fedora-clang, r-devel-linux-x86_64-fedora-gcc, r-devel-windows-x86_64