CRAN Package Check Results for Package adehabitatLT

Last updated on 2020-09-23 16:38:34 CEST.

Flavor Version Tinstall Tcheck Ttotal Status Flags
r-devel-linux-x86_64-debian-clang 0.3.25 15.20 121.61 136.81 OK
r-devel-linux-x86_64-debian-gcc 0.3.25 12.56 97.74 110.30 OK
r-devel-linux-x86_64-fedora-clang 0.3.25 172.72 OK
r-devel-linux-x86_64-fedora-gcc 0.3.25 169.56 OK
r-devel-windows-ix86+x86_64 0.3.25 29.00 134.00 163.00 OK
r-patched-linux-x86_64 0.3.25 15.80 121.99 137.79 OK
r-patched-solaris-x86 0.3.25 274.90 OK
r-release-linux-x86_64 0.3.25 13.52 121.52 135.04 OK
r-release-macos-x86_64 0.3.25 OK
r-release-windows-ix86+x86_64 0.3.25 27.00 185.00 212.00 OK
r-oldrel-macos-x86_64 0.3.25 NOTE
r-oldrel-windows-ix86+x86_64 0.3.25 21.00 154.00 175.00 OK

Check Details

Version: 0.3.25
Check: dependencies in R code
Result: NOTE
    No protocol specified
    No protocol specified
    No protocol specified
    No protocol specified
Flavor: r-oldrel-macos-x86_64