Last updated on 2022-07-03 03:49:49 CEST.
Flavor | Version | Tinstall | Tcheck | Ttotal | Status | Flags |
---|---|---|---|---|---|---|
r-devel-linux-x86_64-debian-clang | 1.7-19 | 50.07 | 372.39 | 422.46 | NOTE | |
r-devel-linux-x86_64-debian-gcc | 1.7-19 | 39.80 | 276.94 | 316.74 | NOTE | |
r-devel-linux-x86_64-fedora-clang | 1.7-19 | 501.29 | NOTE | |||
r-devel-linux-x86_64-fedora-gcc | 1.7-19 | 503.89 | NOTE | |||
r-devel-windows-x86_64 | 1.7-19 | 193.00 | 488.00 | 681.00 | NOTE | |
r-patched-linux-x86_64 | 1.7-19 | 48.98 | 353.34 | 402.32 | OK | |
r-release-linux-x86_64 | 1.7-19 | 48.29 | 356.69 | 404.98 | OK | |
r-release-macos-arm64 | 1.7-19 | 136.00 | NOTE | |||
r-release-macos-x86_64 | 1.7-19 | 191.00 | NOTE | |||
r-release-windows-x86_64 | 1.7-19 | 168.00 | 490.00 | 658.00 | NOTE | |
r-oldrel-macos-arm64 | 1.7-19 | 115.00 | NOTE | |||
r-oldrel-macos-x86_64 | 1.7-19 | 191.00 | NOTE | |||
r-oldrel-windows-ix86+x86_64 | 1.7-19 | 88.00 | 690.00 | 778.00 | NOTE |
Version: 1.7-19
Check: Rd files
Result: NOTE
checkRd: (-1) chickenk.Rd:19: Escaped LaTeX specials: \&
checkRd: (-1) multispati.Rd:54: Escaped LaTeX specials: \$
checkRd: (-1) randboot.Rd:34: Escaped LaTeX specials: \&
Flavors: r-devel-linux-x86_64-debian-clang, r-devel-linux-x86_64-debian-gcc, r-devel-linux-x86_64-fedora-clang, r-devel-linux-x86_64-fedora-gcc, r-devel-windows-x86_64
Version: 1.7-19
Check: installed package size
Result: NOTE
installed size is 8.0Mb
sub-directories of 1Mb or more:
R 1.4Mb
data 3.0Mb
pictures 2.1Mb
Flavors: r-devel-linux-x86_64-fedora-clang, r-devel-windows-x86_64, r-release-macos-arm64, r-release-macos-x86_64, r-release-windows-x86_64, r-oldrel-macos-arm64, r-oldrel-macos-x86_64, r-oldrel-windows-ix86+x86_64
Version: 1.7-19
Check: dependencies in R code
Result: NOTE
Namespace in Imports field not imported from: ‘sp’
All declared Imports should be used.
Flavors: r-devel-linux-x86_64-fedora-clang, r-devel-linux-x86_64-fedora-gcc, r-release-macos-arm64, r-release-macos-x86_64, r-oldrel-macos-arm64, r-oldrel-macos-x86_64