Last updated on 2023-02-05 03:53:36 CET.
Flavor | Version | Tinstall | Tcheck | Ttotal | Status | Flags |
---|---|---|---|---|---|---|
r-devel-linux-x86_64-debian-clang | 0.1.6 | 8.90 | 64.16 | 73.06 | NOTE | |
r-devel-linux-x86_64-debian-gcc | 0.1.6 | 6.90 | 47.60 | 54.50 | NOTE | |
r-devel-linux-x86_64-fedora-clang | 0.1.6 | 94.17 | NOTE | |||
r-devel-linux-x86_64-fedora-gcc | 0.1.6 | 97.23 | NOTE | |||
r-devel-windows-x86_64 | 0.1.6 | 28.00 | 93.00 | 121.00 | NOTE | |
r-patched-linux-x86_64 | 0.1.6 | 8.21 | 61.58 | 69.79 | NOTE | |
r-release-linux-x86_64 | 0.1.6 | 6.86 | 64.50 | 71.36 | NOTE | |
r-release-macos-arm64 | 0.1.6 | 30.00 | NOTE | |||
r-release-macos-x86_64 | 0.1.6 | 63.00 | NOTE | |||
r-release-windows-x86_64 | 0.1.6 | 37.00 | 103.00 | 140.00 | NOTE | |
r-oldrel-macos-arm64 | 0.1.6 | 36.00 | NOTE | |||
r-oldrel-macos-x86_64 | 0.1.6 | 49.00 | NOTE | |||
r-oldrel-windows-ix86+x86_64 | 0.1.6 | 19.00 | 94.00 | 113.00 | NOTE |
Version: 0.1.6
Check: LazyData
Result: NOTE
'LazyData' is specified without a 'data' directory
Flavors: r-devel-linux-x86_64-debian-clang, r-devel-linux-x86_64-debian-gcc, r-devel-linux-x86_64-fedora-clang, r-devel-linux-x86_64-fedora-gcc, r-devel-windows-x86_64, r-patched-linux-x86_64, r-release-linux-x86_64, r-release-macos-arm64, r-release-macos-x86_64, r-release-windows-x86_64, r-oldrel-macos-arm64, r-oldrel-macos-x86_64, r-oldrel-windows-ix86+x86_64