CRAN Package Check Results for Package addScales

Last updated on 2020-09-22 03:49:13 CEST.

Flavor Version Tinstall Tcheck Ttotal Status Flags
r-devel-linux-x86_64-debian-clang 1.0-1 3.12 40.84 43.96 OK
r-devel-linux-x86_64-debian-gcc 1.0-1 0.39 2.13 2.52 ERROR
r-devel-linux-x86_64-fedora-clang 1.0-1 61.85 OK
r-devel-linux-x86_64-fedora-gcc 1.0-1 52.66 OK
r-devel-windows-ix86+x86_64 1.0-1 7.00 52.00 59.00 OK
r-patched-linux-x86_64 1.0-1 3.36 39.54 42.90 OK
r-patched-solaris-x86 1.0-1 81.10 OK
r-release-linux-x86_64 1.0-1 3.49 39.49 42.98 OK
r-release-macos-x86_64 1.0-1 OK
r-release-windows-ix86+x86_64 1.0-1 8.00 63.00 71.00 OK
r-oldrel-macos-x86_64 1.0-1 OK
r-oldrel-windows-ix86+x86_64 1.0-1 5.00 67.00 72.00 OK

Check Details

Version: 1.0-1
Check: whether package can be installed
Result: ERROR
    Installation failed.
Flavor: r-devel-linux-x86_64-debian-gcc