CRAN Package Check Results for Package adaptMCMC

Last updated on 2020-09-22 03:49:13 CEST.

Flavor Version Tinstall Tcheck Ttotal Status Flags
r-devel-linux-x86_64-debian-clang 1.3 7.16 56.50 63.66 OK
r-devel-linux-x86_64-debian-gcc 1.3 0.25 1.81 2.06 ERROR
r-devel-linux-x86_64-fedora-clang 1.3 86.98 NOTE
r-devel-linux-x86_64-fedora-gcc 1.3 77.17 OK
r-devel-windows-ix86+x86_64 1.3 15.00 70.00 85.00 OK
r-patched-linux-x86_64 1.3 6.52 55.22 61.74 OK
r-patched-solaris-x86 1.3 128.10 OK
r-release-linux-x86_64 1.3 6.39 55.89 62.28 OK
r-release-macos-x86_64 1.3 OK
r-release-windows-ix86+x86_64 1.3 15.00 64.00 79.00 OK
r-oldrel-macos-x86_64 1.3 OK
r-oldrel-windows-ix86+x86_64 1.3 11.00 82.00 93.00 OK

Check Details

Version: 1.3
Check: whether package can be installed
Result: ERROR
    Installation failed.
Flavor: r-devel-linux-x86_64-debian-gcc

Version: 1.3
Check: Rd cross-references
Result: NOTE
    Undeclared packages ‘HI’, ‘MHadaptive’ in Rd xrefs
Flavor: r-devel-linux-x86_64-fedora-clang