Last updated on 2023-02-04 16:55:37 CET.
Flavor | Version | Tinstall | Tcheck | Ttotal | Status | Flags |
---|---|---|---|---|---|---|
r-devel-linux-x86_64-debian-clang | 1.4 | 7.42 | 70.82 | 78.24 | NOTE | |
r-devel-linux-x86_64-debian-gcc | 1.4 | 6.20 | 54.58 | 60.78 | NOTE | |
r-devel-linux-x86_64-fedora-clang | 1.4 | 97.02 | NOTE | |||
r-devel-linux-x86_64-fedora-gcc | 1.4 | 94.80 | NOTE | |||
r-devel-windows-x86_64 | 1.4 | 13.00 | 92.00 | 105.00 | OK | |
r-patched-linux-x86_64 | 1.4 | 7.45 | 69.22 | 76.67 | NOTE | |
r-release-linux-x86_64 | 1.4 | 7.04 | 70.08 | 77.12 | NOTE | |
r-release-macos-arm64 | 1.4 | 29.00 | OK | |||
r-release-macos-x86_64 | 1.4 | 43.00 | OK | |||
r-release-windows-x86_64 | 1.4 | 13.00 | 100.00 | 113.00 | OK | |
r-oldrel-macos-arm64 | 1.4 | 36.00 | OK | |||
r-oldrel-macos-x86_64 | 1.4 | 52.00 | OK | |||
r-oldrel-windows-ix86+x86_64 | 1.4 | 17.00 | 95.00 | 112.00 | OK |
Version: 1.4
Check: Rd cross-references
Result: NOTE
Unknown packages ‘HI’, ‘MHadaptive’ in Rd xrefs
Flavors: r-devel-linux-x86_64-debian-clang, r-devel-linux-x86_64-debian-gcc, r-devel-linux-x86_64-fedora-gcc, r-patched-linux-x86_64, r-release-linux-x86_64
Version: 1.4
Check: Rd cross-references
Result: NOTE
Undeclared packages ‘HI’, ‘MHadaptive’ in Rd xrefs
Unknown packages ‘HI’, ‘MHadaptive’ in Rd xrefs
Flavor: r-devel-linux-x86_64-fedora-clang