CRAN Package Check Results for Package adamethods

Last updated on 2021-12-03 03:55:22 CET.

Flavor Version Tinstall Tcheck Ttotal Status Flags
r-devel-linux-x86_64-debian-clang 1.2.1 16.96 140.60 157.56 NOTE
r-devel-linux-x86_64-debian-gcc 1.2.1 14.48 107.34 121.82 NOTE
r-devel-linux-x86_64-fedora-clang 1.2.1 201.54 NOTE
r-devel-linux-x86_64-fedora-gcc 1.2.1 182.05 NOTE
r-devel-windows-x86_64-new-UL 1.2.1 38.00 191.00 229.00 NOTE
r-devel-windows-x86_64-new-TK 1.2.1 NOTE
r-devel-windows-x86_64-old 1.2.1 28.00 135.00 163.00 NOTE
r-patched-linux-x86_64 1.2.1 17.00 132.37 149.37 NOTE
r-patched-solaris-x86 1.2.1 249.50 NOTE
r-release-linux-x86_64 1.2.1 16.62 132.28 148.90 NOTE
r-release-macos-arm64 1.2.1 NOTE
r-release-macos-x86_64 1.2.1 NOTE
r-release-windows-ix86+x86_64 1.2.1 39.00 170.00 209.00 NOTE
r-oldrel-macos-x86_64 1.2.1 OK
r-oldrel-windows-ix86+x86_64 1.2.1 38.00 173.00 211.00 OK

Check Details

Version: 1.2.1
Check: LazyData
Result: NOTE
     'LazyData' is specified without a 'data' directory
Flavors: r-devel-linux-x86_64-debian-clang, r-devel-linux-x86_64-debian-gcc, r-devel-linux-x86_64-fedora-clang, r-devel-linux-x86_64-fedora-gcc, r-devel-windows-x86_64-new-UL, r-devel-windows-x86_64-new-TK, r-devel-windows-x86_64-old, r-patched-linux-x86_64, r-patched-solaris-x86, r-release-linux-x86_64, r-release-macos-arm64, r-release-macos-x86_64, r-release-windows-ix86+x86_64