CRAN Package Check Results for Package adagio

Last updated on 2020-09-23 16:38:34 CEST.

Flavor Version Tinstall Tcheck Ttotal Status Flags
r-devel-linux-x86_64-debian-clang 0.7.1 4.90 29.93 34.83 OK
r-devel-linux-x86_64-debian-gcc 0.7.1 4.75 23.12 27.87 OK
r-devel-linux-x86_64-fedora-clang 0.7.1 52.23 NOTE
r-devel-linux-x86_64-fedora-gcc 0.7.1 42.38 NOTE
r-devel-windows-ix86+x86_64 0.7.1 14.00 48.00 62.00 OK
r-patched-linux-x86_64 0.7.1 5.05 28.66 33.71 OK
r-patched-solaris-x86 0.7.1 64.30 OK
r-release-linux-x86_64 0.7.1 5.22 28.97 34.19 OK
r-release-macos-x86_64 0.7.1 OK
r-release-windows-ix86+x86_64 0.7.1 13.00 51.00 64.00 OK
r-oldrel-macos-x86_64 0.7.1 OK
r-oldrel-windows-ix86+x86_64 0.7.1 14.00 66.00 80.00 OK

Check Details

Version: 0.7.1
Check: compiled code
Result: NOTE
    File ‘adagio/libs/adagio.so’:
     Found no calls to: ‘R_registerRoutines’, ‘R_useDynamicSymbols’
    
    It is good practice to register native routines and to disable symbol
    search.
    
    See ‘Writing portable packages’ in the ‘Writing R Extensions’ manual.
Flavors: r-devel-linux-x86_64-fedora-clang, r-devel-linux-x86_64-fedora-gcc