CRAN Package Check Results for Package acumos

Last updated on 2021-09-21 03:50:26 CEST.

Flavor Version Tinstall Tcheck Ttotal Status Flags
r-devel-linux-x86_64-debian-clang 0.4-4 6.15 61.02 67.17 OK
r-devel-linux-x86_64-debian-gcc 0.4-4 4.07 43.75 47.82 OK
r-devel-linux-x86_64-fedora-clang 0.4-4 81.00 OK
r-devel-linux-x86_64-fedora-gcc 0.4-4 80.17 OK
r-devel-windows-x86_64 0.4-4 6.00 68.00 74.00 OK
r-devel-windows-x86_64-gcc10-UCRT 0.4-4 ERROR
r-patched-linux-x86_64 0.4-4 5.49 45.48 50.97 OK
r-patched-solaris-x86 0.4-4 84.40 OK
r-release-linux-x86_64 0.4-4 4.57 46.57 51.14 OK
r-release-macos-arm64 0.4-4 OK
r-release-macos-x86_64 0.4-4 OK
r-release-windows-ix86+x86_64 0.4-4 11.00 71.00 82.00 OK
r-oldrel-macos-x86_64 0.4-4 OK
r-oldrel-windows-ix86+x86_64 0.4-4 11.00 53.00 64.00 OK

Check Details

Version: 0.4-4
Check: whether package can be installed
Result: WARN
    Found the following significant warnings:
     WARNING: installation-time patches will not be applied, could not get the patches index
Flavor: r-devel-windows-x86_64-gcc10-UCRT

Version: 0.4-4
Check: tests
Result: ERROR
     Running 'testthat.R'
    Running the tests in 'tests/testthat.R' failed.
    Complete output:
     > library(testthat)
     > library(acumos)
     >
     > test_check("acumos")
     ══ Failed tests ════════════════════════════════════════════════════════════════
     ── Error (test-api.R:25:3): run API works ──────────────────────────────────────
     Error: none of the files exist
     Backtrace:
     █
     1. └─RProtoBuf::readProtoFiles(file.path(dir, "component.proto")) test-api.R:25:2
    
     [ FAIL 1 | WARN 4 | SKIP 0 | PASS 0 ]
     Error: Test failures
     Execution halted
Flavor: r-devel-windows-x86_64-gcc10-UCRT

Version: 0.4-4
Check: PDF version of manual
Result: WARN
    LaTeX errors when creating PDF version.
    This typically indicates Rd problems.
Flavor: r-devel-windows-x86_64-gcc10-UCRT

Version: 0.4-4
Check: PDF version of manual without hyperrefs or index
Result: ERROR
    Re-running with no redirection of stdout/stderr.
Flavor: r-devel-windows-x86_64-gcc10-UCRT