CRAN Package Check Results for Package actuaryr

Last updated on 2024-06-25 05:00:51 CEST.

Flavor Version Tinstall Tcheck Ttotal Status Flags
r-devel-linux-x86_64-debian-clang 1.1.1 2.79 37.07 39.86 NOTE
r-devel-linux-x86_64-debian-gcc 1.1.1 2.19 28.15 30.34 NOTE
r-devel-linux-x86_64-fedora-clang 1.1.1 51.13 NOTE
r-devel-linux-x86_64-fedora-gcc 1.1.1 61.67 NOTE
r-devel-windows-x86_64 1.1.1 4.00 54.00 58.00 NOTE
r-patched-linux-x86_64 1.1.1 3.31 35.27 38.58 NOTE
r-release-linux-x86_64 1.1.1 2.91 35.66 38.57 NOTE
r-release-macos-arm64 1.1.1 26.00 NOTE
r-release-macos-x86_64 1.1.1 44.00 NOTE
r-release-windows-x86_64 1.1.1 4.00 54.00 58.00 NOTE
r-oldrel-macos-arm64 1.1.1 26.00 NOTE
r-oldrel-macos-x86_64 1.1.1 36.00 NOTE
r-oldrel-windows-x86_64 1.1.1 5.00 55.00 60.00 NOTE

Check Details

Version: 1.1.1
Check: LazyData
Result: NOTE 'LazyData' is specified without a 'data' directory Flavors: r-devel-linux-x86_64-debian-clang, r-devel-linux-x86_64-debian-gcc, r-devel-linux-x86_64-fedora-clang, r-devel-linux-x86_64-fedora-gcc, r-devel-windows-x86_64, r-patched-linux-x86_64, r-release-linux-x86_64, r-release-macos-arm64, r-release-macos-x86_64, r-release-windows-x86_64, r-oldrel-macos-arm64, r-oldrel-macos-x86_64, r-oldrel-windows-x86_64