CRAN Package Check Results for Package actuar

Last updated on 2020-09-22 03:49:13 CEST.

Flavor Version Tinstall Tcheck Ttotal Status Flags
r-devel-linux-x86_64-debian-clang 3.0-0 20.34 132.30 152.64 OK
r-devel-linux-x86_64-debian-gcc 3.0-0 0.69 2.99 3.68 ERROR
r-devel-linux-x86_64-fedora-clang 3.0-0 197.17 OK
r-devel-linux-x86_64-fedora-gcc 3.0-0 187.45 OK
r-devel-windows-ix86+x86_64 3.0-0 77.00 214.00 291.00 OK
r-patched-linux-x86_64 3.0-0 16.64 131.10 147.74 OK
r-patched-solaris-x86 3.0-0 232.70 OK
r-release-linux-x86_64 3.0-0 18.01 130.56 148.57 OK
r-release-macos-x86_64 3.0-0 OK
r-release-windows-ix86+x86_64 3.0-0 80.00 201.00 281.00 OK
r-oldrel-macos-x86_64 3.0-0 OK
r-oldrel-windows-ix86+x86_64 3.0-0 63.00 266.00 329.00 OK

Check Details

Version: 3.0-0
Check: whether package can be installed
Result: ERROR
    Installation failed.
Flavor: r-devel-linux-x86_64-debian-gcc