CRAN Package Check Results for Package activpalProcessing

Last updated on 2020-09-23 16:38:34 CEST.

Flavor Version Tinstall Tcheck Ttotal Status Flags
r-devel-linux-x86_64-debian-clang 1.0.2 9.53 48.66 58.19 OK
r-devel-linux-x86_64-debian-gcc 1.0.2 8.22 39.12 47.34 OK
r-devel-linux-x86_64-fedora-clang 1.0.2 81.20 NOTE
r-devel-linux-x86_64-fedora-gcc 1.0.2 71.55 OK
r-devel-windows-ix86+x86_64 1.0.2 15.00 57.00 72.00 NOTE
r-patched-linux-x86_64 1.0.2 8.14 48.04 56.18 OK
r-patched-solaris-x86 1.0.2 110.50 NOTE
r-release-linux-x86_64 1.0.2 9.01 47.81 56.82 OK
r-release-macos-x86_64 1.0.2 NOTE
r-release-windows-ix86+x86_64 1.0.2 12.00 75.00 87.00 NOTE
r-oldrel-macos-x86_64 1.0.2 NOTE
r-oldrel-windows-ix86+x86_64 1.0.2 12.00 79.00 91.00 NOTE

Check Details

Version: 1.0.2
Check: installed package size
Result: NOTE
     installed size is 5.6Mb
     sub-directories of 1Mb or more:
     data 5.4Mb
Flavors: r-devel-linux-x86_64-fedora-clang, r-devel-windows-ix86+x86_64, r-patched-solaris-x86, r-release-macos-x86_64, r-release-windows-ix86+x86_64, r-oldrel-macos-x86_64, r-oldrel-windows-ix86+x86_64