CRAN Package Check Results for Package activegp

Last updated on 2022-09-24 15:55:14 CEST.

Flavor Version Tinstall Tcheck Ttotal Status Flags
r-devel-linux-x86_64-debian-clang 1.1.0 52.91 44.92 97.83 OK
r-devel-linux-x86_64-debian-gcc 1.1.0 45.28 33.97 79.25 OK
r-devel-linux-x86_64-fedora-clang 1.1.0 150.76 NOTE
r-devel-linux-x86_64-fedora-gcc 1.1.0 145.44 NOTE
r-devel-windows-x86_64 1.1.0 66.00 96.00 162.00 OK
r-patched-linux-x86_64 1.1.0 48.05 43.38 91.43 OK
r-release-linux-x86_64 1.1.0 48.65 40.64 89.29 OK
r-release-macos-arm64 1.1.0 40.00 NOTE
r-release-macos-x86_64 1.1.0 52.00 NOTE
r-release-windows-x86_64 1.1.0 64.00 90.00 154.00 OK
r-oldrel-macos-arm64 1.1.0 39.00 NOTE
r-oldrel-macos-x86_64 1.1.0 52.00 NOTE
r-oldrel-windows-ix86+x86_64 1.1.0 140.00 104.00 244.00 OK

Check Details

Version: 1.1.0
Check: dependencies in R code
Result: NOTE
    Namespaces in Imports field not imported from:
     ‘MASS’ ‘RcppProgress’
     All declared Imports should be used.
Flavors: r-devel-linux-x86_64-fedora-clang, r-devel-linux-x86_64-fedora-gcc, r-release-macos-arm64, r-release-macos-x86_64, r-oldrel-macos-arm64, r-oldrel-macos-x86_64