CRAN Package Check Results for Package activPAL

Last updated on 2024-06-15 15:49:01 CEST.

Flavor Version Tinstall Tcheck Ttotal Status Flags
r-devel-linux-x86_64-debian-clang 0.1.3 9.42 112.44 121.86 NOTE
r-devel-linux-x86_64-debian-gcc 0.1.3 9.07 80.58 89.65 NOTE
r-devel-linux-x86_64-fedora-clang 0.1.3 152.53 NOTE
r-devel-linux-x86_64-fedora-gcc 0.1.3 141.72 NOTE
r-devel-windows-x86_64 0.1.3 12.00 92.00 104.00 NOTE
r-patched-linux-x86_64 0.1.3 6.82 107.76 114.58 NOTE
r-release-linux-x86_64 0.1.3 7.26 104.39 111.65 NOTE
r-release-macos-arm64 0.1.3 43.00 NOTE
r-release-macos-x86_64 0.1.3 76.00 NOTE
r-release-windows-x86_64 0.1.3 11.00 93.00 104.00 NOTE
r-oldrel-macos-arm64 0.1.3 47.00 NOTE
r-oldrel-macos-x86_64 0.1.3 79.00 NOTE
r-oldrel-windows-x86_64 0.1.3 14.00 116.00 130.00 NOTE

Check Details

Version: 0.1.3
Check: LazyData
Result: NOTE 'LazyData' is specified without a 'data' directory Flavors: r-devel-linux-x86_64-debian-clang, r-devel-linux-x86_64-debian-gcc, r-devel-linux-x86_64-fedora-clang, r-devel-linux-x86_64-fedora-gcc, r-devel-windows-x86_64, r-patched-linux-x86_64, r-release-linux-x86_64, r-release-macos-arm64, r-release-macos-x86_64, r-release-windows-x86_64, r-oldrel-macos-arm64, r-oldrel-macos-x86_64, r-oldrel-windows-x86_64