CRAN Package Check Results for Package acopula

Last updated on 2020-09-22 03:49:13 CEST.

Flavor Version Tinstall Tcheck Ttotal Status Flags
r-devel-linux-x86_64-debian-clang 0.9.3 4.96 39.83 44.79 OK
r-devel-linux-x86_64-debian-gcc 0.9.3 0.23 1.80 2.03 ERROR
r-devel-linux-x86_64-fedora-clang 0.9.3 64.64 OK
r-devel-linux-x86_64-fedora-gcc 0.9.3 55.32 OK
r-devel-windows-ix86+x86_64 0.9.3 9.00 44.00 53.00 OK
r-patched-linux-x86_64 0.9.3 4.73 40.22 44.95 OK
r-patched-solaris-x86 0.9.3 70.10 OK
r-release-linux-x86_64 0.9.3 4.88 40.10 44.98 OK
r-release-macos-x86_64 0.9.3 OK
r-release-windows-ix86+x86_64 0.9.3 11.00 60.00 71.00 OK
r-oldrel-macos-x86_64 0.9.3 OK
r-oldrel-windows-ix86+x86_64 0.9.3 11.00 68.00 79.00 OK

Check Details

Version: 0.9.3
Check: whether package can be installed
Result: ERROR
    Installation failed.
Flavor: r-devel-linux-x86_64-debian-gcc