Last updated on 2022-06-30 03:53:16 CEST.
Flavor | Version | Tinstall | Tcheck | Ttotal | Status | Flags |
---|---|---|---|---|---|---|
r-devel-linux-x86_64-debian-clang | 1.10 | 41.13 | 84.33 | 125.46 | OK | |
r-devel-linux-x86_64-debian-gcc | 1.10 | 26.91 | 47.13 | 74.04 | OK | |
r-devel-linux-x86_64-fedora-clang | 1.10 | 152.78 | OK | |||
r-devel-linux-x86_64-fedora-gcc | 1.10 | 129.03 | OK | |||
r-devel-windows-x86_64 | 1.10 | 52.00 | 108.00 | 160.00 | OK | |
r-patched-linux-x86_64 | 1.10 | 27.14 | 59.85 | 86.99 | OK | |
r-release-linux-x86_64 | 1.10 | 27.92 | 58.68 | 86.60 | OK | |
r-release-macos-arm64 | 1.10 | 39.00 | OK | |||
r-release-macos-x86_64 | 1.10 | 51.00 | OK | |||
r-release-windows-x86_64 | 1.10 | 53.00 | 108.00 | 161.00 | OK | |
r-oldrel-macos-arm64 | 1.10 | 45.00 | NOTE | |||
r-oldrel-macos-x86_64 | 1.10 | 72.00 | OK | |||
r-oldrel-windows-ix86+x86_64 | 1.10 | 75.00 | 123.00 | 198.00 | OK |
Version: 1.10
Check: installed package size
Result: NOTE
installed size is 5.1Mb
sub-directories of 1Mb or more:
R 1.4Mb
libs 3.5Mb
Flavor: r-oldrel-macos-arm64