CRAN Package Check Results for Package accelmissing

Last updated on 2020-09-19 03:49:37 CEST.

Flavor Version Tinstall Tcheck Ttotal Status Flags
r-devel-linux-x86_64-debian-clang 1.4 6.87 63.78 70.65 NOTE
r-devel-linux-x86_64-debian-gcc 1.4 5.29 49.68 54.97 NOTE
r-devel-linux-x86_64-fedora-clang 1.4 93.14 NOTE
r-devel-linux-x86_64-fedora-gcc 1.4 84.59 NOTE
r-devel-windows-ix86+x86_64 1.4 15.00 90.00 105.00 OK
r-patched-linux-x86_64 1.4 5.75 61.22 66.97 NOTE
r-patched-solaris-x86 1.4 122.40 NOTE
r-release-linux-x86_64 1.4 6.15 60.54 66.69 NOTE
r-release-macos-x86_64 1.4 OK
r-release-windows-ix86+x86_64 1.4 14.00 80.00 94.00 OK
r-oldrel-macos-x86_64 1.4 OK
r-oldrel-windows-ix86+x86_64 1.4 9.00 87.00 96.00 OK

Check Details

Version: 1.4
Check: for non-standard things in the check directory
Result: NOTE
    Found the following files/directories:
     'acceldata2.RData'
Flavors: r-devel-linux-x86_64-debian-clang, r-devel-linux-x86_64-debian-gcc, r-devel-linux-x86_64-fedora-clang, r-devel-linux-x86_64-fedora-gcc, r-patched-linux-x86_64, r-patched-solaris-x86, r-release-linux-x86_64