CRAN Package Check Results for Package accSDA

Last updated on 2020-10-26 03:48:16 CET.

Flavor Version Tinstall Tcheck Ttotal Status Flags
r-devel-linux-x86_64-debian-clang 1.0.0 4.86 37.52 42.38 OK
r-devel-linux-x86_64-debian-gcc 1.0.0 4.37 28.85 33.22 OK
r-devel-linux-x86_64-fedora-clang 1.0.0 59.64 NOTE
r-devel-linux-x86_64-fedora-gcc 1.0.0 50.20 NOTE
r-devel-windows-ix86+x86_64 1.0.0 10.00 53.00 63.00 OK
r-patched-linux-x86_64 1.0.0 5.38 35.46 40.84 OK
r-patched-solaris-x86 1.0.0 69.70 NOTE
r-release-linux-x86_64 1.0.0 3.55 35.02 38.57 OK
r-release-macos-x86_64 1.0.0 NOTE
r-release-windows-ix86+x86_64 1.0.0 8.00 39.00 47.00 OK
r-oldrel-macos-x86_64 1.0.0 NOTE
r-oldrel-windows-ix86+x86_64 1.0.0 7.00 52.00 59.00 OK

Check Details

Version: 1.0.0
Check: dependencies in R code
Result: NOTE
    Namespaces in Imports field not imported from:
     ‘rARPACK’ ‘sparseLDA’
     All declared Imports should be used.
Flavors: r-devel-linux-x86_64-fedora-clang, r-devel-linux-x86_64-fedora-gcc, r-patched-solaris-x86, r-release-macos-x86_64, r-oldrel-macos-x86_64