CRAN Package Check Results for Package abjutils

Last updated on 2020-09-24 03:52:49 CEST.

Flavor Version Tinstall Tcheck Ttotal Status Flags
r-devel-linux-x86_64-debian-clang 0.3.1 2.50 26.01 28.51 OK
r-devel-linux-x86_64-debian-gcc 0.3.1 2.12 20.75 22.87 OK
r-devel-linux-x86_64-fedora-clang 0.3.1 43.83 NOTE
r-devel-linux-x86_64-fedora-gcc 0.3.1 33.82 OK
r-devel-windows-ix86+x86_64 0.3.1 7.00 49.00 56.00 OK
r-patched-linux-x86_64 0.3.1 2.47 25.52 27.99 OK
r-patched-solaris-x86 0.3.1 51.90 OK
r-release-linux-x86_64 0.3.1 2.48 25.63 28.11 OK
r-release-macos-x86_64 0.3.1 OK
r-release-windows-ix86+x86_64 0.3.1 27.00 46.00 73.00 OK
r-oldrel-macos-x86_64 0.3.1 ERROR
r-oldrel-windows-ix86+x86_64 0.2.3 7.00 42.00 49.00 NOTE

Check Details

Version: 0.3.1
Check: Rd cross-references
Result: NOTE
    Undeclared package ‘httr’ in Rd xrefs
Flavor: r-devel-linux-x86_64-fedora-clang

Version: 0.3.1
Check: whether package can be installed
Result: ERROR
    Installation failed.
Flavor: r-oldrel-macos-x86_64

Version: 0.2.3
Check: dependencies in R code
Result: NOTE
    Missing or unexported object: 'devtools::use_package'
Flavor: r-oldrel-windows-ix86+x86_64