CRAN Package Check Results for Package abcADM

Last updated on 2020-09-22 03:49:13 CEST.

Flavor Version Tinstall Tcheck Ttotal Status Flags
r-devel-linux-x86_64-debian-clang 1.0 61.75 26.85 88.60 OK
r-devel-linux-x86_64-debian-gcc 1.0 0.29 1.87 2.16 ERROR
r-devel-linux-x86_64-fedora-clang 1.0 137.60 OK
r-devel-linux-x86_64-fedora-gcc 1.0 118.42 OK
r-devel-windows-ix86+x86_64 1.0 146.00 60.00 206.00 OK
r-patched-linux-x86_64 1.0 47.59 26.67 74.26 OK
r-patched-solaris-x86 1.0 119.60 OK
r-release-linux-x86_64 1.0 49.53 26.76 76.29 OK
r-release-macos-x86_64 1.0 OK
r-release-windows-ix86+x86_64 1.0 113.00 59.00 172.00 OK
r-oldrel-macos-x86_64 1.0 OK
r-oldrel-windows-ix86+x86_64 1.0 105.00 76.00 181.00 OK

Check Details

Version: 1.0
Check: whether package can be installed
Result: ERROR
    Installation failed.
Flavor: r-devel-linux-x86_64-debian-gcc