CRAN Package Check Results for Package aMNLFA

Last updated on 2020-09-23 16:38:34 CEST.

Flavor Version Tinstall Tcheck Ttotal Status Flags
r-devel-linux-x86_64-debian-clang 0.1 5.44 48.07 53.51 OK
r-devel-linux-x86_64-debian-gcc 0.1 4.76 36.39 41.15 OK
r-devel-linux-x86_64-fedora-clang 0.1 71.44 NOTE
r-devel-linux-x86_64-fedora-gcc 0.1 61.44 NOTE
r-devel-windows-ix86+x86_64 0.1 11.00 73.00 84.00 OK
r-patched-linux-x86_64 0.1 6.17 45.37 51.54 OK
r-patched-solaris-x86 0.1 82.40 NOTE
r-release-linux-x86_64 0.1 5.18 46.02 51.20 OK
r-release-macos-x86_64 0.1 NOTE
r-release-windows-ix86+x86_64 0.1 11.00 69.00 80.00 OK
r-oldrel-macos-x86_64 0.1 NOTE
r-oldrel-windows-ix86+x86_64 0.1 7.00 62.00 69.00 OK

Check Details

Version: 0.1
Check: dependencies in R code
Result: NOTE
    Namespaces in Imports field not imported from:
     ‘devtools’ ‘gridExtra’
     All declared Imports should be used.
Flavors: r-devel-linux-x86_64-fedora-clang, r-devel-linux-x86_64-fedora-gcc, r-patched-solaris-x86, r-release-macos-x86_64, r-oldrel-macos-x86_64