CRAN Package Check Results for Package aGE

Last updated on 2020-09-19 03:49:37 CEST.

Flavor Version Tinstall Tcheck Ttotal Status Flags
r-devel-linux-x86_64-debian-clang 0.0.9 2.79 30.89 33.68 NOTE
r-devel-linux-x86_64-debian-gcc 0.0.9 2.30 23.75 26.05 NOTE
r-devel-linux-x86_64-fedora-clang 0.0.9 49.26 OK
r-devel-linux-x86_64-fedora-gcc 0.0.9 41.02 OK
r-devel-windows-ix86+x86_64 0.0.9 6.00 51.00 57.00 NOTE
r-patched-linux-x86_64 0.0.9 2.27 30.25 32.52 NOTE
r-patched-solaris-x86 0.0.9 58.90 OK
r-release-linux-x86_64 0.0.9 2.77 30.37 33.14 NOTE
r-release-macos-x86_64 0.0.9 OK
r-release-windows-ix86+x86_64 0.0.9 6.00 51.00 57.00 NOTE
r-oldrel-macos-x86_64 0.0.9 OK
r-oldrel-windows-ix86+x86_64 0.0.9 3.00 48.00 51.00 OK

Check Details

Version: 0.0.9
Check: package vignettes
Result: NOTE
    Package vignette with placeholder title 'Vignette Title':
     'About.Rmd'
Flavors: r-devel-linux-x86_64-debian-clang, r-devel-linux-x86_64-debian-gcc, r-devel-windows-ix86+x86_64, r-patched-linux-x86_64, r-release-linux-x86_64, r-release-windows-ix86+x86_64