CRAN Package Check Results for Package ZVCV

Last updated on 2024-07-21 15:53:49 CEST.

Flavor Version Tinstall Tcheck Ttotal Status Flags
r-devel-linux-x86_64-debian-clang 2.1.2 120.13 110.86 230.99 OK
r-devel-linux-x86_64-debian-gcc 2.1.2 76.30 82.18 158.48 OK
r-devel-linux-x86_64-fedora-clang 2.1.2 312.51 OK
r-devel-linux-x86_64-fedora-gcc 2.1.2 330.57 OK
r-devel-windows-x86_64 2.1.2 90.00 114.00 204.00 OK
r-patched-linux-x86_64 2.1.2 115.43 100.13 215.56 OK
r-release-linux-x86_64 2.1.2 105.40 104.49 209.89 OK
r-release-macos-arm64 2.1.2 72.00 NOTE
r-release-macos-x86_64 2.1.2 100.00 NOTE
r-release-windows-x86_64 2.1.2 98.00 113.00 211.00 OK
r-oldrel-macos-arm64 2.1.2 89.00 NOTE
r-oldrel-macos-x86_64 2.1.2 143.00 NOTE
r-oldrel-windows-x86_64 2.1.2 117.00 141.00 258.00 OK

Check Details

Version: 2.1.2
Check: installed package size
Result: NOTE installed size is 10.2Mb sub-directories of 1Mb or more: libs 9.9Mb Flavors: r-release-macos-arm64, r-release-macos-x86_64, r-oldrel-macos-arm64, r-oldrel-macos-x86_64

Version: 2.1.2
Check: package dependencies
Result: NOTE Package suggested but not available for checking: ‘partitions’ Flavor: r-oldrel-macos-x86_64