CRAN Package Check Results for Package ZIM

Last updated on 2022-08-16 04:53:54 CEST.

Flavor Version Tinstall Tcheck Ttotal Status Flags
r-devel-linux-x86_64-debian-clang 1.1.0 5.62 33.38 39.00 OK
r-devel-linux-x86_64-debian-gcc 1.1.0 4.07 25.95 30.02 OK
r-devel-linux-x86_64-fedora-clang 1.1.0 59.41 NOTE
r-devel-linux-x86_64-fedora-gcc 1.1.0 55.84 OK
r-devel-windows-x86_64 1.1.0 11.00 57.00 68.00 OK
r-patched-linux-x86_64 1.1.0 3.59 32.80 36.39 OK
r-release-linux-x86_64 1.1.0 4.58 32.36 36.94 OK
r-release-macos-arm64 1.1.0 18.00 OK
r-release-macos-x86_64 1.1.0 26.00 OK
r-release-windows-x86_64 1.1.0 10.00 57.00 67.00 OK
r-oldrel-macos-arm64 1.1.0 27.00 OK
r-oldrel-macos-x86_64 1.1.0 28.00 OK
r-oldrel-windows-ix86+x86_64 1.1.0 9.00 54.00 63.00 OK

Check Details

Version: 1.1.0
Check: Rd cross-references
Result: NOTE
    Undeclared package ‘dplyr’ in Rd xrefs
Flavor: r-devel-linux-x86_64-fedora-clang