CRAN Package Check Results for Package ZIBseq

Last updated on 2021-09-19 03:51:40 CEST.

Flavor Version Tinstall Tcheck Ttotal Status Flags
r-devel-linux-x86_64-debian-clang 1.2 6.93 64.39 71.32 OK
r-devel-linux-x86_64-debian-gcc 1.2 5.75 51.05 56.80 OK
r-devel-linux-x86_64-fedora-clang 1.2 93.92 OK
r-devel-linux-x86_64-fedora-gcc 1.2 83.64 OK
r-devel-windows-x86_64 1.2 9.00 75.00 84.00 OK
r-devel-windows-x86_64-gcc10-UCRT 1.2 ERROR
r-patched-linux-x86_64 1.2 7.38 62.42 69.80 OK
r-patched-solaris-x86 1.2 125.30 OK
r-release-linux-x86_64 1.2 6.57 63.20 69.77 OK
r-release-macos-arm64 1.2 OK
r-release-macos-x86_64 1.2 OK
r-release-windows-ix86+x86_64 1.2 17.00 83.00 100.00 OK
r-oldrel-macos-x86_64 1.2 OK
r-oldrel-windows-ix86+x86_64 1.2 17.00 82.00 99.00 OK

Check Details

Version: 1.2
Check: whether package can be installed
Result: WARN
    Found the following significant warnings:
     WARNING: installation-time patches will not be applied, could not get the patches index
Flavor: r-devel-windows-x86_64-gcc10-UCRT

Version: 1.2
Check: PDF version of manual
Result: WARN
    LaTeX errors when creating PDF version.
    This typically indicates Rd problems.
Flavor: r-devel-windows-x86_64-gcc10-UCRT

Version: 1.2
Check: PDF version of manual without hyperrefs or index
Result: ERROR
    Re-running with no redirection of stdout/stderr.
Flavor: r-devel-windows-x86_64-gcc10-UCRT