CRAN Package Check Results for Package Z10

Last updated on 2023-02-05 15:55:32 CET.

Flavor Version Tinstall Tcheck Ttotal Status Flags
r-devel-linux-x86_64-debian-clang 0.1.0 2.81 24.98 27.79 NOTE
r-devel-linux-x86_64-debian-gcc 0.1.0 2.27 19.30 21.57 NOTE
r-devel-linux-x86_64-fedora-clang 0.1.0 36.93 NOTE
r-devel-linux-x86_64-fedora-gcc 0.1.0 35.66 NOTE
r-devel-windows-x86_64 0.1.0 17.00 56.00 73.00 NOTE
r-patched-linux-x86_64 0.1.0 3.03 24.30 27.33 NOTE
r-release-linux-x86_64 0.1.0 1.96 24.52 26.48 NOTE
r-release-macos-arm64 0.1.0 16.00 NOTE
r-release-macos-x86_64 0.1.0 29.00 NOTE
r-release-windows-x86_64 0.1.0 12.00 55.00 67.00 NOTE
r-oldrel-macos-arm64 0.1.0 20.00 NOTE
r-oldrel-macos-x86_64 0.1.0 28.00 NOTE
r-oldrel-windows-ix86+x86_64 0.1.0 6.00 49.00 55.00 NOTE

Check Details

Version: 0.1.0
Check: package dependencies
Result: NOTE
    Packages suggested but not available for checking: 'RNRCS', 'metScanR'
Flavors: r-devel-linux-x86_64-debian-clang, r-devel-linux-x86_64-debian-gcc, r-devel-linux-x86_64-fedora-clang, r-devel-linux-x86_64-fedora-gcc, r-patched-linux-x86_64, r-release-linux-x86_64

Version: 0.1.0
Check: LazyData
Result: NOTE
     'LazyData' is specified without a 'data' directory
Flavors: r-devel-linux-x86_64-debian-clang, r-devel-linux-x86_64-debian-gcc, r-devel-linux-x86_64-fedora-clang, r-devel-linux-x86_64-fedora-gcc, r-devel-windows-x86_64, r-patched-linux-x86_64, r-release-linux-x86_64, r-release-macos-arm64, r-release-macos-x86_64, r-release-windows-x86_64, r-oldrel-macos-arm64, r-oldrel-macos-x86_64, r-oldrel-windows-ix86+x86_64

Version: 0.1.0
Check: package dependencies
Result: NOTE
    Package suggested but not available for checking: ‘RNRCS’
Flavors: r-release-macos-arm64, r-release-macos-x86_64