Last updated on 2022-06-30 03:53:39 CEST.
Flavor | Version | Tinstall | Tcheck | Ttotal | Status | Flags |
---|---|---|---|---|---|---|
r-devel-linux-x86_64-debian-clang | 0.0.1 | 245.28 | 163.70 | 408.98 | NOTE | |
r-devel-linux-x86_64-debian-gcc | 0.0.1 | 219.16 | 132.12 | 351.28 | NOTE | |
r-devel-linux-x86_64-fedora-clang | 0.0.1 | 552.36 | NOTE | |||
r-devel-linux-x86_64-fedora-gcc | 0.0.1 | 589.87 | NOTE | |||
r-devel-windows-x86_64 | 0.0.1 | 180.00 | 220.00 | 400.00 | NOTE | |
r-patched-linux-x86_64 | 0.0.1 | 221.83 | 172.95 | 394.78 | NOTE | |
r-release-linux-x86_64 | 0.0.1 | 193.18 | 170.43 | 363.61 | NOTE | |
r-release-macos-arm64 | 0.0.1 | 127.00 | NOTE | |||
r-release-macos-x86_64 | 0.0.1 | 233.00 | NOTE | |||
r-release-windows-x86_64 | 0.0.1 | 177.00 | 217.00 | 394.00 | NOTE | |
r-oldrel-macos-arm64 | 0.0.1 | 159.00 | NOTE | |||
r-oldrel-macos-x86_64 | 0.0.1 | 289.00 | NOTE | |||
r-oldrel-windows-ix86+x86_64 | 0.0.1 | 542.00 | 308.00 | 850.00 | NOTE |
Version: 0.0.1
Check: for GNU extensions in Makefiles
Result: NOTE
GNU make is a SystemRequirements.
Flavors: r-devel-linux-x86_64-debian-clang, r-devel-linux-x86_64-debian-gcc, r-devel-linux-x86_64-fedora-clang, r-devel-linux-x86_64-fedora-gcc, r-devel-windows-x86_64, r-patched-linux-x86_64, r-release-linux-x86_64, r-release-macos-arm64, r-release-macos-x86_64, r-release-windows-x86_64, r-oldrel-macos-arm64, r-oldrel-macos-x86_64, r-oldrel-windows-ix86+x86_64
Version: 0.0.1
Check: installed package size
Result: NOTE
installed size is 31.4Mb
sub-directories of 1Mb or more:
libs 31.0Mb
Flavors: r-devel-linux-x86_64-fedora-clang, r-release-macos-arm64, r-release-macos-x86_64, r-oldrel-macos-arm64, r-oldrel-macos-x86_64, r-oldrel-windows-ix86+x86_64
Version: 0.0.1
Check: dependencies in R code
Result: NOTE
Namespace in Imports field not imported from: ‘rstantools’
All declared Imports should be used.
Flavors: r-devel-linux-x86_64-fedora-clang, r-devel-linux-x86_64-fedora-gcc, r-release-macos-arm64, r-release-macos-x86_64, r-oldrel-macos-arm64, r-oldrel-macos-x86_64