Last updated on 2022-06-30 03:53:39 CEST.
Flavor | Version | Tinstall | Tcheck | Ttotal | Status | Flags |
---|---|---|---|---|---|---|
r-devel-linux-x86_64-debian-clang | 1.5.1 | 28.26 | 185.50 | 213.76 | OK | |
r-devel-linux-x86_64-debian-gcc | 1.5.1 | 23.06 | 135.43 | 158.49 | OK | |
r-devel-linux-x86_64-fedora-clang | 1.5.1 | 258.33 | OK | |||
r-devel-linux-x86_64-fedora-gcc | 1.5.1 | 256.16 | OK | |||
r-devel-windows-x86_64 | 1.5.1 | 31.00 | 193.00 | 224.00 | OK | |
r-patched-linux-x86_64 | 1.5.1 | 24.51 | 173.62 | 198.13 | OK | |
r-release-linux-x86_64 | 1.5.1 | 24.11 | 169.82 | 193.93 | OK | |
r-release-macos-arm64 | 1.5.1 | 49.00 | OK | |||
r-release-macos-x86_64 | 1.5.1 | 90.00 | OK | |||
r-release-windows-x86_64 | 1.5.1 | 47.00 | 188.00 | 235.00 | OK | |
r-oldrel-macos-arm64 | 1.4.1 | 58.00 | NOTE | |||
r-oldrel-macos-x86_64 | 1.4.1 | 93.00 | NOTE | |||
r-oldrel-windows-ix86+x86_64 | 1.4.1 | 41.00 | 153.00 | 194.00 | OK |
Version: 1.4.1
Check: dependencies in R code
Result: NOTE
Namespace in Imports field not imported from: ‘ggdendro’
All declared Imports should be used.
Flavors: r-oldrel-macos-arm64, r-oldrel-macos-x86_64