CRAN Package Check Results for Package XHWE

Last updated on 2020-10-26 03:48:39 CET.

Flavor Version Tinstall Tcheck Ttotal Status Flags
r-devel-linux-x86_64-debian-clang 1.0 2.28 22.65 24.93 NOTE
r-devel-linux-x86_64-debian-gcc 1.0 1.88 17.62 19.50 NOTE
r-devel-linux-x86_64-fedora-clang 1.0 39.48 NOTE
r-devel-linux-x86_64-fedora-gcc 1.0 29.69 NOTE
r-devel-windows-ix86+x86_64 1.0 4.00 35.00 39.00 NOTE
r-patched-linux-x86_64 1.0 2.19 21.73 23.92 NOTE
r-patched-solaris-x86 1.0 44.90 NOTE
r-release-linux-x86_64 1.0 2.29 21.77 24.06 NOTE
r-release-macos-x86_64 1.0 NOTE
r-release-windows-ix86+x86_64 1.0 4.00 34.00 38.00 NOTE
r-oldrel-macos-x86_64 1.0 NOTE
r-oldrel-windows-ix86+x86_64 1.0 5.00 42.00 47.00 NOTE

Check Details

Version: 1.0
Check: R code for possible problems
Result: NOTE
    XHWE: no visible global function definition for 'read.table'
    result: no visible global function definition for 'pchisq'
    result: no visible global function definition for 'rbinom'
    result: no visible global function definition for 'rmultinom'
    Undefined global functions or variables:
     pchisq rbinom read.table rmultinom
    Consider adding
     importFrom("stats", "pchisq", "rbinom", "rmultinom")
     importFrom("utils", "read.table")
    to your NAMESPACE file.
Flavors: r-devel-linux-x86_64-debian-clang, r-devel-linux-x86_64-debian-gcc, r-devel-linux-x86_64-fedora-clang, r-devel-linux-x86_64-fedora-gcc, r-devel-windows-ix86+x86_64, r-patched-linux-x86_64, r-patched-solaris-x86, r-release-linux-x86_64, r-release-macos-x86_64, r-release-windows-ix86+x86_64, r-oldrel-macos-x86_64, r-oldrel-windows-ix86+x86_64

Version: 1.0
Check: for non-standard things in the check directory
Result: NOTE
    Found the following files/directories:
     'results.txt'
Flavors: r-devel-linux-x86_64-debian-clang, r-devel-linux-x86_64-debian-gcc, r-devel-linux-x86_64-fedora-clang, r-devel-linux-x86_64-fedora-gcc, r-patched-linux-x86_64, r-patched-solaris-x86, r-release-linux-x86_64