CRAN Package Check Results for Package WorldFlora

Last updated on 2020-09-18 15:53:05 CEST.

Flavor Version Tinstall Tcheck Ttotal Status Flags
r-devel-linux-x86_64-debian-clang 1.6 3.28 25.17 28.45 OK
r-devel-linux-x86_64-debian-gcc 1.6 2.71 19.78 22.49 OK
r-devel-linux-x86_64-fedora-clang 1.6 45.00 NOTE
r-devel-linux-x86_64-fedora-gcc 1.6 35.37 NOTE
r-devel-windows-ix86+x86_64 1.6 10.00 40.00 50.00 OK
r-patched-linux-x86_64 1.6 2.65 24.84 27.49 OK
r-patched-solaris-x86 1.6 52.40 NOTE
r-release-linux-x86_64 1.6 2.81 25.23 28.04 OK
r-release-macos-x86_64 1.6 NOTE
r-release-windows-ix86+x86_64 1.6 7.00 45.00 52.00 OK
r-oldrel-macos-x86_64 1.6 NOTE
r-oldrel-windows-ix86+x86_64 1.6 4.00 40.00 44.00 OK

Check Details

Version: 1.6
Check: data for non-ASCII characters
Result: NOTE
     Note: found 2 marked UTF-8 strings
Flavors: r-devel-linux-x86_64-fedora-clang, r-devel-linux-x86_64-fedora-gcc, r-patched-solaris-x86, r-release-macos-x86_64, r-oldrel-macos-x86_64