CRAN Package Check Results for Package WordR

Last updated on 2022-06-30 15:51:55 CEST.

Flavor Version Tinstall Tcheck Ttotal Status Flags
r-devel-linux-x86_64-debian-clang 0.3.2 5.35 64.34 69.69 OK
r-devel-linux-x86_64-debian-gcc 0.3.3 4.40 52.77 57.17 ERROR
r-devel-linux-x86_64-fedora-clang 0.3.3 98.90 OK
r-devel-linux-x86_64-fedora-gcc 0.3.3 102.88 OK
r-devel-windows-x86_64 0.3.3 18.00 120.00 138.00 OK
r-patched-linux-x86_64 0.3.2 3.84 60.91 64.75 OK
r-release-linux-x86_64 0.3.3 4.69 65.65 70.34 ERROR
r-release-macos-arm64 0.3.2 27.00 OK
r-release-macos-x86_64 0.3.3 44.00 OK
r-release-windows-x86_64 0.3.3 13.00 108.00 121.00 OK
r-oldrel-macos-arm64 0.3.2 24.00 OK
r-oldrel-macos-x86_64 0.3.3 44.00 OK
r-oldrel-windows-ix86+x86_64 0.3.3 17.00 90.00 107.00 OK

Check Details

Version: 0.3.3
Check: examples
Result: ERROR
    Running examples in ‘WordR-Ex.R’ failed
    The error most likely occurred in:
    
    > base::assign(".ptime", proc.time(), pos = "CheckExEnv")
    > ### Name: renderAll
    > ### Title: Read Word document and apply functions
    > ### 'body_add_flextables','renderInlineCode','addPlots'.
    > ### Aliases: renderAll
    >
    > ### ** Examples
    >
    > library(flextable)
    > library(ggplot2)
    > ft_mtcars <- flextable(mtcars)
    > FT <- list(mtcars=ft_mtcars)
    > Plots <- list(mtcars1 = ggplot(mtcars, aes(x = wt, y = hp, col = as.factor(cyl))) + geom_point())
    > renderAll(docxIn=paste0(examplePath(), "templates/templateAll.docx"),
    + docxOut=paste0(examplePath(), "results/templateAll2.docx"),
    + flextables=FT,
    + Plots=Plots)
    Warning in file(file, ifelse(append, "a", "w")) :
     cannot open file '/home/hornik/tmp/R.check/r-devel-gcc/Work/build/Packages/WordR/examples/results/templateAll2.docx': Read-only file system
    Error in file(file, ifelse(append, "a", "w")) :
     cannot open the connection
    Calls: renderAll ... print.rdocx -> pack_folder -> absolute_path -> cat -> file
    Execution halted
Flavor: r-devel-linux-x86_64-debian-gcc

Version: 0.3.3
Check: examples
Result: ERROR
    Running examples in ‘WordR-Ex.R’ failed
    The error most likely occurred in:
    
    > base::assign(".ptime", proc.time(), pos = "CheckExEnv")
    > ### Name: renderAll
    > ### Title: Read Word document and apply functions
    > ### 'body_add_flextables','renderInlineCode','addPlots'.
    > ### Aliases: renderAll
    >
    > ### ** Examples
    >
    > library(flextable)
    > library(ggplot2)
    > ft_mtcars <- flextable(mtcars)
    > FT <- list(mtcars=ft_mtcars)
    > Plots <- list(mtcars1 = ggplot(mtcars, aes(x = wt, y = hp, col = as.factor(cyl))) + geom_point())
    > renderAll(docxIn=paste0(examplePath(), "templates/templateAll.docx"),
    + docxOut=paste0(examplePath(), "results/templateAll2.docx"),
    + flextables=FT,
    + Plots=Plots)
    Warning in file(file, ifelse(append, "a", "w")) :
     cannot open file '/home/hornik/tmp/R.check/r-release-gcc/Work/build/Packages/WordR/examples/results/templateAll2.docx': Read-only file system
    Error in file(file, ifelse(append, "a", "w")) :
     cannot open the connection
    Calls: renderAll ... print.rdocx -> pack_folder -> absolute_path -> cat -> file
    Execution halted
Flavor: r-release-linux-x86_64