CRAN Package Check Results for Package WSGeometry

Last updated on 2022-01-25 15:54:36 CET.

Flavor Version Tinstall Tcheck Ttotal Status Flags
r-devel-linux-x86_64-debian-clang 1.2.1 138.17 133.30 271.47 OK
r-devel-linux-x86_64-debian-gcc 1.2.1 111.70 107.56 219.26 OK
r-devel-linux-x86_64-fedora-clang 1.2.1 386.87 NOTE
r-devel-linux-x86_64-fedora-gcc 1.2.1 364.95 OK
r-devel-windows-x86_64-new-UL 1.2.1 162.00 169.00 331.00 OK
r-devel-windows-x86_64-new-TK 1.2.1 OK
r-patched-linux-x86_64 1.2.1 116.37 117.96 234.33 OK
r-release-linux-x86_64 1.2.1 120.00 117.72 237.72 OK
r-release-macos-arm64 1.2.1 NOTE
r-release-macos-x86_64 1.2.1 NOTE
r-release-windows-ix86+x86_64 1.2.1 301.00 214.00 515.00 OK
r-oldrel-macos-x86_64 1.2.1 NOTE
r-oldrel-windows-ix86+x86_64 1.2.1 299.00 218.00 517.00 OK

Check Details

Version: 1.2.1
Check: installed package size
Result: NOTE
     installed size is 10.6Mb
     sub-directories of 1Mb or more:
     libs 10.4Mb
Flavors: r-devel-linux-x86_64-fedora-clang, r-release-macos-arm64, r-release-macos-x86_64, r-oldrel-macos-x86_64