CRAN Package Check Results for Package WRTDStidal

Last updated on 2024-06-13 03:49:40 CEST.

Flavor Version Tinstall Tcheck Ttotal Status Flags
r-devel-linux-x86_64-debian-clang 1.1.4 25.63 404.29 429.92 OK
r-devel-linux-x86_64-debian-gcc 1.1.4 0.79 1.75 2.54 ERROR
r-devel-linux-x86_64-fedora-clang 1.1.4 533.62 NOTE
r-devel-linux-x86_64-fedora-gcc 1.1.4 507.07 OK
r-devel-windows-x86_64 1.1.4 21.00 290.00 311.00 NOTE
r-patched-linux-x86_64 1.1.4 20.07 379.60 399.67 OK
r-release-linux-x86_64 1.1.4 18.09 377.95 396.04 OK
r-release-macos-arm64 1.1.4 144.00 NOTE
r-release-macos-x86_64 1.1.4 213.00 NOTE
r-release-windows-x86_64 1.1.4 23.00 289.00 312.00 NOTE
r-oldrel-macos-arm64 1.1.4 149.00 NOTE
r-oldrel-macos-x86_64 1.1.4 314.00 NOTE
r-oldrel-windows-x86_64 1.1.4 30.00 383.00 413.00 NOTE

Check Details

Version: 1.1.4
Check: package dependencies
Result: ERROR Packages required but not available: 'ggplot2', 'caret', 'dplyr', 'forecast', 'lubridate', 'purrr', 'tidyr' Packages suggested but not available for checking: 'EGRET', 'plotly' See section ‘The DESCRIPTION file’ in the ‘Writing R Extensions’ manual. Flavor: r-devel-linux-x86_64-debian-gcc

Version: 1.1.4
Check: installed package size
Result: NOTE installed size is 5.4Mb sub-directories of 1Mb or more: doc 4.3Mb Flavors: r-devel-linux-x86_64-fedora-clang, r-devel-windows-x86_64, r-release-macos-arm64, r-release-macos-x86_64, r-release-windows-x86_64, r-oldrel-macos-arm64, r-oldrel-macos-x86_64, r-oldrel-windows-x86_64