CRAN Package Check Results for Package WDI

Last updated on 2023-01-29 03:55:29 CET.

Flavor Version Tinstall Tcheck Ttotal Status Flags
r-devel-linux-x86_64-debian-clang 2.7.8 2.84 25.16 28.00 OK
r-devel-linux-x86_64-debian-gcc 2.7.8 2.17 19.95 22.12 OK
r-devel-linux-x86_64-fedora-clang 2.7.8 37.54 NOTE
r-devel-linux-x86_64-fedora-gcc 2.7.8 35.04 NOTE
r-devel-windows-x86_64 2.7.8 11.00 54.00 65.00 OK
r-patched-linux-x86_64 2.7.8 3.02 25.51 28.53 OK
r-release-linux-x86_64 2.7.8 2.56 25.27 27.83 OK
r-release-macos-arm64 2.7.8 24.00 NOTE
r-release-macos-x86_64 2.7.8 23.00 NOTE
r-release-windows-x86_64 2.7.8 14.00 55.00 69.00 OK
r-oldrel-macos-arm64 2.7.8 26.00 NOTE
r-oldrel-macos-x86_64 2.7.8 26.00 NOTE
r-oldrel-windows-ix86+x86_64 2.7.8 5.00 52.00 57.00 OK

Check Details

Version: 2.7.8
Check: data for non-ASCII characters
Result: NOTE
     Note: found 1668 marked UTF-8 strings
Flavors: r-devel-linux-x86_64-fedora-clang, r-devel-linux-x86_64-fedora-gcc, r-release-macos-arm64, r-release-macos-x86_64, r-oldrel-macos-arm64, r-oldrel-macos-x86_64