CRAN Package Check Results for Package WCM

Last updated on 2023-11-30 15:48:35 CET.

Flavor Version Tinstall Tcheck Ttotal Status Flags
r-devel-linux-x86_64-debian-clang 0.2.2 1.79 49.30 51.09 NOTE
r-devel-linux-x86_64-debian-gcc 0.2.2 1.74 37.48 39.22 NOTE
r-devel-linux-x86_64-fedora-clang 0.2.2 63.56 NOTE
r-devel-linux-x86_64-fedora-gcc 0.2.2 62.24 NOTE
r-devel-windows-x86_64 0.2.2 3.00 59.00 62.00 NOTE
r-patched-linux-x86_64 0.2.2 2.16 47.65 49.81 NOTE
r-release-linux-x86_64 0.2.2 1.93 46.99 48.92 NOTE
r-release-macos-arm64 0.2.2 24.00 NOTE
r-release-macos-x86_64 0.2.2 35.00 NOTE
r-release-windows-x86_64 0.2.2 3.00 63.00 66.00 NOTE
r-oldrel-macos-arm64 0.2.2 23.00 NOTE
r-oldrel-macos-x86_64 0.2.2 30.00 NOTE
r-oldrel-windows-x86_64 0.2.2 3.00 66.00 69.00 NOTE

Check Details

Version: 0.2.2
Check: LazyData
Result: NOTE 'LazyData' is specified without a 'data' directory Flavors: r-devel-linux-x86_64-debian-clang, r-devel-linux-x86_64-debian-gcc, r-devel-linux-x86_64-fedora-clang, r-devel-linux-x86_64-fedora-gcc, r-devel-windows-x86_64, r-patched-linux-x86_64, r-release-linux-x86_64, r-release-macos-arm64, r-release-macos-x86_64, r-release-windows-x86_64, r-oldrel-macos-arm64, r-oldrel-macos-x86_64, r-oldrel-windows-x86_64