CRAN Package Check Results for Package VicmapR

Last updated on 2024-06-16 03:57:43 CEST.

Flavor Version Tinstall Tcheck Ttotal Status Flags
r-devel-linux-x86_64-debian-clang 0.2.3 8.56 94.17 102.73 NOTE
r-devel-linux-x86_64-debian-gcc 0.2.3 6.37 71.24 77.61 NOTE
r-devel-linux-x86_64-fedora-clang 0.2.3 128.91 NOTE
r-devel-linux-x86_64-fedora-gcc 0.2.3 132.61 NOTE
r-devel-windows-x86_64 0.2.3 8.00 125.00 133.00 NOTE
r-patched-linux-x86_64 0.2.3 7.95 90.25 98.20 NOTE
r-release-linux-x86_64 0.2.3 5.29 91.63 96.92 NOTE
r-release-macos-arm64 0.2.3 51.00 NOTE
r-release-macos-x86_64 0.2.3 75.00 NOTE
r-release-windows-x86_64 0.2.3 9.00 123.00 132.00 NOTE
r-oldrel-macos-arm64 0.2.3 47.00 OK
r-oldrel-macos-x86_64 0.2.3 81.00 OK
r-oldrel-windows-x86_64 0.2.3 10.00 134.00 144.00 OK

Check Details

Version: 0.2.3
Check: Rd files
Result: NOTE checkRd: (-1) show_query.Rd:27: Lost braces in \itemize; meant \describe ? checkRd: (-1) show_query.Rd:28: Lost braces in \itemize; meant \describe ? checkRd: (-1) show_query.Rd:29: Lost braces in \itemize; meant \describe ? Flavors: r-devel-linux-x86_64-debian-clang, r-devel-linux-x86_64-debian-gcc, r-devel-linux-x86_64-fedora-clang, r-devel-linux-x86_64-fedora-gcc, r-devel-windows-x86_64, r-patched-linux-x86_64, r-release-linux-x86_64, r-release-macos-arm64, r-release-macos-x86_64, r-release-windows-x86_64

Version: 0.2.3
Check: dependencies in R code
Result: NOTE Namespaces in Imports field not imported from: ‘kableExtra’ ‘knitr’ ‘leaflet’ ‘mapview’ All declared Imports should be used. Flavors: r-devel-linux-x86_64-fedora-clang, r-devel-linux-x86_64-fedora-gcc